late r(-10).
-210
Let p(a) = -7056*a**2 + 1693436*a + 976. Determine p(240).
16
Let b(c) = 62*c**2 - 4391*c + 3559. What is b(70)?
-11
Let h(u) = 178*u - 1909. What is h(14)?
583
Let z(t) = -6*t**3 - 404*t**2 + 688*t + 85. Calculate z(-69).
223
Let z(v) = 656*v + 6723. Determine z(-9).
819
Let a(w) = -4737*w + 7043928. What is a(1487)?
9
Let a(d) = 70*d - 5781. Determine a(79).
-251
Let f(b) = -2*b**2 + 650*b + 6497. Give f(-10).
-203
Let q(b) = 2*b**2 - 103*b - 997. Calculate q(-9).
92
Let w(y) = -63736*y - 573612. Give w(-9).
12
Let j(z) = 48*z**2 + 8414*z - 25655. Calculate j(3).
19
Let l(i) = -8*i**2 - 4684*i + 11768. Give l(-588).
8
Let n(d) = 35*d**2 - 528*d + 1366. Calculate n(12).
70
Let q(b) = -b**3 + 28*b**2 + 207*b - 6810. What is q(26)?
-76
Let t(j) = -j**2 + 2268*j + 236976. Determine t(-100).
176
Let p(j) = -6*j**2 + 514*j - 170. Calculate p(82).
1634
Let v(f) = 4592*f + 9332. What is v(-2)?
148
Let m(c) = -9*c**2 + 5451*c + 335638. Calculate m(662).
4
Let f(y) = 169*y + 3365. What is f(-9)?
1844
Let q(x) = 2711552*x + 18980871. Give q(-7).
7
Let w(r) = r**2 - 10429*r + 1430283. Determine w(139).
-27
Let a(u) = u**3 + 17*u**2 - 207*u - 1594. What is a(-23)?
-7
Let c(g) = 1245*g - 27124. Calculate c(24).
2756
Let m(v) = -14*v**3 - 121*v**2 - 203*v - 2224. Give m(-9).
8
Let l(h) = -136955*h + 136949. What is l(1)?
-6
Let v(h) = -1293*h**2 - 5158*h + 10. Determine v(-4).
-46
Let b(o) = -96*o**3 + 177*o**2 - 180*o + 4. What is b(1)?
-95
Let a(d) = -452*d + 1935. Determine a(4).
127
Let d(t) = -208*t + 29898. What is d(144)?
-54
Let t(y) = -y**2 - 13*y + 525. What is t(-28)?
105
Let q(l) = -l**3 + 32*l**2 - 254*l + 5615. Determine q(30).
-205
Let y(a) = 541*a + 34798. Determine y(-64).
174
Let a(w) = -433*w**2 - 323*w + 324. Give a(1).
-432
Let w(q) = 440597*q - 3084188. Determine w(7).
-9
Let i(a) = 4149*a + 643077. Calculate i(-155).
-18
Let q(t) = 1206*t + 437778. Determine q(-363).
0
Let n(k) = -2*k**3 + 90*k**2 + 1047*k - 4047. Calculate n(54).
3
Let p(v) = v**2 + 7741*v - 673593. What is p(86)?
-471
Let y(q) = -q**3 + 13*q**2 - 47*q + 78. Calculate y(11).
-197
Let b(k) = -2066*k**2 - 43376*k + 10. What is b(-21)?
-200
Let o(n) = n**2 - 35*n + 17. Calculate o(30).
-133
Let z(g) = 22*g**3 - 52*g**2 - 20*g - 25. Calculate z(3).
41
Let n(u) = u**2 - 83*u + 14. Determine n(96).
1262
Let a(i) = 628*i - 21803. Calculate a(34).
-451
Let o(g) = 15947*g - 8372189. Calculate o(525).
-14
Let z(o) = 2*o**2 + 18891*o - 264868. Calculate z(14).
-2
Let s(o) = 1280*o + 43405. Determine s(-34).
-115
Let r(t) = 17*t**3 + 3245*t**2 - 374*t + 1567. Calculate r(-191).
39
Let i(x) = -x**2 - 4*x - 1813. What is i(34)?
-3105
Let y(a) = 6079*a + 127562. Give y(-21).
-97
Let w(l) = -3066*l - 523850. Give w(-171).
436
Let g(k) = 970*k + 5676. Determine g(-4).
1796
Let a(n) = n**3 + 32*n**2 - 2073*n - 63995. What is a(-30)?
-5
Let l(y) = 2*y**2 + 204180*y + 1633312. What is l(-8)?
0
Let c(u) = 1039*u**3 - 18*u**2 + 200*u + 202. Determine c(-1).
-1055
Let y(o) = 514276*o - 1028530. Give y(2).
22
Let o(d) = d**2 - 20*d + 120. What is o(10)?
20
Let l(k) = -1878*k + 11061. What is l(6)?
-207
Let y(b) = -123833*b - 1485964. Give y(-12).
32
Let m(b) = 153*b - 10413. Calculate m(69).
144
Let k(g) = 13*g**2 + 4580*g - 41109. What is k(9)?
1164
Let c(l) = 316*l**3 + 539*l**2 - 171*l + 44. Calculate c(-2).
14
Let y(l) = 32740*l - 294705. Calculate y(9).
-45
Let m(o) = -550*o**2 - 3852*o + 1. Calculate m(-7).
15
Let g(k) = -k**2 - 4472*k - 991696. Determine g(-234).
-4
Let r(b) = 632*b - 39841. Give r(63).
-25
Let f(z) = -6*z**3 - 613*z**2 - 406*z - 31013. Give f(-102).
-5
Let r(h) = -h**3 - 17*h**2 - 5*h + 124. Determine r(-3).
13
Let f(p) = p**3 - 5*p**2 + 184169*p - 1105042. What is f(6)?
8
Let o(i) = 69*i**2 - 1475*i + 11646. What is o(8)?
4262
Let k(j) = -44366*j - 310576. Determine k(-7).
-14
Let r(n) = -30836*n - 339132. Calculate r(-11).
64
Let l(b) = 240*b**2 + 23263*b - 4. What is l(-97)?
1645
Let v(t) = 16*t**3 + 643*t**2 + 129*t + 513. What is v(-40)?
153
Let s(j) = -12526*j**2 - 626301*j - 45. What is s(-50)?
5
Let u(v) = -17*v - 528. What is u(-40)?
152
Let z(v) = v**3 + 127*v**2 + 205*v - 5651. Determine z(-125).
-26
Let g(r) = -r**3 - 27*r**2 - 13113*r - 340226. Determine g(-26).
36
Let p(t) = -2615*t + 16022. Determine p(6).
332
Let p(y) = -6*y**2 + 122*y - 296. Calculate p(25).
-996
Let p(w) = -3*w**3 + 48*w**2 - 9*w - 1. What is p(8)?
1463
Let n(p) = p**2 - 1570*p + 49559. Determine n(32).
343
Let l(j) = j**3 - 60*j**2 - 322*j - 152. Give l(65).
43
Let i(t) = 5*t**2 - 402*t + 6966. What is i(54)?
-162
Let d(u) = 2*u**2 + 884*u + 18492. Determine d(-420).
12
Let x(g) = 70394*g - 1055973. Calculate x(15).
-63
Let p(r) = 135156*r - 6892956. Give p(51).
0
Let h(f) = 798*f - 326282. Give h(408).
-698
Let c(g) = g**3 - 66*g + 16. Give c(13).
1355
Let w(i) = 11*i**2 - 1174*i + 27087. Calculate w(73).
4
Let g(i) = i**3 + 29*i**2 + 302*i + 12753. What is g(-32)?
17
Let w(x) = -108*x**2 + 195*x + 795. What is w(-4)?
-1713
Let t(d) = -2*d**3 + 33*d**2 + 209*d - 164. Calculate t(21).
256
Let t(p) = -5*p**2 - 2869*p + 22943. What is t(8)?
-329
Let v(s) = -20502*s + 122990. Determine v(6).
-22
Let j(s) = 3*s**3 + 32*s**2 - 227*s + 26. Give j(5).
66
Let a(o) = -7543*o + 59828. Calculate a(8).
-516
Let i(v) = -3229*v - 9059. Calculate i(-3).
628
Let t(b) = 411*b**3 + 16033*b**2 + 153*b - 106. Calculate t(-39).
11
Let u(f) = 2*f**2 - 32*f - 155. What is u(-6)?
109
Let c(q) = q**3 - 42*q**2 + 418*q + 345. Determine c(23).
-92
Let d(b) = 501*b + 37832. Determine d(-78).
-1246
Let c(t) = 1824*t**2 + 40253*t + 2754. What is c(-22)?
4
Let r(b) = 100*b**3 + 7*b**2 + 28*b + 4. What is r(-3)?
-2717
Let g(b) = -226*b**2 - 1932*b - 4044. What is g(-5)?
-34
Let u(y) = 530*y**3 - 62*y**2 - 7*y + 9. Calculate u(1).
470
Let x(b) = b**2 + 500*b - 2559. Determine x(5).
-34
Let z(q) = 7*q**2 + 26*q - 17554. Determine z(-52).
22
Let w(j) = j**3 + 112*j**2 + 841*j + 856. Calculate w(-104).
-80
Let r(s) = -s**2 - 1923*s - 13415. What is r(-7)?
-3
Let x(z) = 423*z + 21846. Determine x(-52).
-150
Let s(y) = 3*y**2 + 1761*y - 21296. Calculate s(12).
268
Let n(x) = -5039*x + 5430. Determine n(1).
391
Let p(o) = 161*o**2 - 158*o + 297. Calculate p(2).
625
Let h(u) = u**3 - 8*u**2 + 70203*u - 491379. What is h(7)?
-7
Let q(j) = -7*j**3 - 6304*j**2 - 3629*j - 26081. Give q(-900).
19
Let b(i) = -6*i**3 - 61*i**2 - 103*i - 907. Give b(-10).
23
Let v(b) = 637*b + 497. Calculate v(-5).
-2688
Let y(o) = o**3 + 16079*o**2 + 769487*o - 43. Give y(-48).
5
Let g(o) = 15*o**2 - 715*o + 91. Give g(42).
-3479
Let z(u) = u**3 - 106*u**2 + 145*u - 3913. Give z(105).
287
Let v(q) = q**3 - 29*q**2 + 153*q - 355. Determine v(25).
970
Let d(k) = -660*k + 49996. Give d(74).
1156
Let o(g) = 193*g**2 + 5562*g - 1123. What is o(-29)?
-108
Let u(a) = -8*a**2 - 667*a - 1286. Calculate u(-80).
874
Let m(g) = -g**3 - 190*g**2 - 5445*g - 103195. Give m(-160).
5
Let z(t) = -t**3 + 100*t**2 + 444*t - 2487. Give z(104).
425
Let w(u) = -9102*u - 9112. What is w(-1)?
-10
Let h(n) = 316*n**3 + 29074*n**2 + 184*n - 60. Give h(-92).
-60
Let n(c) = 4141*c + 29006. Give n(-7).
19
Let c(z) = -25788*z + 361030. Give c(14).
-2
Let i(t) = -2*t**2 - 1906*t + 77385. What is i(39)?
9
Let t(z) = -152*z + 686. Determine t(4).
78
Let k(h) = -17023*h - 2247007. Calculate k(-132).
29
Let m(a) = -a**3 - 117*a**2 + 148*a + 2245. What is m(-118)?
-1295
Let t(b) = 32*b**3 - 2349*b**2 + 946*b + 196. Give t(73).
-23
Let y(m) = -49538*m + 2080600. What is y(42)?
4
Let o(a) = -a**2 + 406*a - 34713. Determine o(116).
-1073
Let o(g) = -g**2 - 224031*g - 1120138. Determine o(-5).
-8
Let d(n) = -271*n**2 + 520*n - 1466. Determine d(3).
-2345
Let u(p) = p**3 + 799*p**2 + 1151*p - 352961. What is u(-797)?
110
Let g(l) = -10*l**2 + 6362*l + 12741. What is g(-2)?
-23
Let l(v) = -5*v**3 - 92*v**2 - 285*v + 28. Give l(-4).
16
Let o(z) = 5441*z - 729085. What is o(134)?
9
Let y(q) = -14*q**2 - 314*q + 1567. What is y(5)?
-353
Let f(a) = -2*a**2 + 127349*a - 5090751. What is f(40)?
9
Let u(f) = -191*f**2 - 9*f - 53. What is u(3)?
-1799
Let g(i) = -i**3 - 12*i**2 + 336*i + 360. Calculate g(-22).
-2192
Let m(o) = -137918*o + 3723801. Determine m(27).
15
Let